rt 51 (base 16) to base 11.
74
Convert 2225 (base 12) to base 13.
1943
-210034 (base 6) to base 14
-6210
-228 (base 15) to base 5
-3423
What is 1a38 (base 16) in base 5?
203322
What is -573 (base 13) in base 10?
-939
Convert -22321 (base 5) to base 16.
-632
What is 31a (base 12) in base 13?
28c
Convert -1521 (base 6) to base 3.
-120011
Convert 1000121 (base 3) to base 10.
745
Convert 11501 (base 8) to base 3.
20202120
Convert -2333 (base 4) to base 5.
-1231
What is -5677 (base 12) in base 10?
-9595
What is -976 (base 10) in base 6?
-4304
1024024 (base 6) to base 4
30033100
313321 (base 4) to base 11
2762
Convert -778 (base 15) to base 12.
-b88
1210210 (base 3) to base 11
a98
What is -56 (base 13) in base 16?
-47
Convert 406 (base 8) to base 2.
100000110
-20111220 (base 3) to base 11
-3628
Convert -1143 (base 10) to base 13.
-69c
Convert -3522 (base 8) to base 16.
-752
Convert 790 (base 12) to base 6.
5100
What is -5441 (base 14) in base 9?
-21868
Convert 1ae (base 15) to base 3.
112102
Convert 4a34 (base 11) to base 10.
6571
What is -522 (base 8) in base 5?
-2323
Convert -1203312 (base 4) to base 5.
-201030
What is 1818 (base 11) in base 14?
bb8
Convert b62a (base 15) to base 5.
2213030
Convert -11100101001011 (base 2) to base 12.
-85a3
What is 13235 (base 7) in base 8?
6742
Convert -3532 (base 6) to base 13.
-503
Convert 30441 (base 5) to base 8.
3714
What is 1142 (base 14) in base 7?
11512
56 (base 14) to base 12
64
Convert 10119 (base 11) to base 8.
34676
Convert 590c (base 13) to base 12.
72b2
4327 (base 10) to base 15
1437
56 (base 8) to base 7
64
Convert 6372 (base 8) to base 16.
cfa
1267 (base 8) to base 16
2b7
Convert -2000212 (base 3) to base 7.
-4214
Convert -1143 (base 8) to base 13.
-380
10111101011001 (base 2) to base 14
45bb
a580 (base 12) to base 9
26736
Convert -2626 (base 8) to base 13.
-860
42431 (base 5) to base 16
b32
What is 12193 (base 10) in base 15?
392d
Convert -11101110 (base 2) to base 11.
-1a7
Convert 375 (base 10) to base 3.
111220
What is 0 (base 2) in base 13?
0
What is 12344 (base 5) in base 9?
1302
Convert 4b3 (base 14) to base 4.
32231
-241142 (base 6) to base 4
-11020112
What is 1010010001 (base 2) in base 16?
291
Convert 210122 (base 7) to base 13.
13565
What is -a027 (base 11) in base 14?
-4c0b
-461 (base 12) to base 2
-1010001001
What is -5178 (base 13) in base 11?
-8500
Convert -3043 (base 5) to base 8.
-616
Convert -10000101011100 (base 2) to base 15.
-27e5
What is 585 (base 12) in base 15?
39b
Convert 2054 (base 10) to base 2.
100000000110
Convert -12525 (base 6) to base 8.
-3605
What is -5680 (base 9) in base 12?
-2523
What is 1010000001010 (base 2) in base 12?
2b76
What is 5576 (base 9) in base 5?
112434
What is 337 (base 11) in base 4?
12103
What is 13353 (base 6) in base 13?
c45
Convert -10530 (base 9) to base 12.
-4069
What is 101111011 (base 2) in base 8?
573
Convert -114312 (base 5) to base 9.
-5843
2783 (base 15) to base 4
2010000
Convert -3210010 (base 4) to base 16.
-3904
Convert 2424 (base 9) to base 14.
92c
Convert -122 (base 10) to base 6.
-322
What is 121232 (base 4) in base 13?
998
Convert -1820 (base 16) to base 7.
-24002
Convert 55506 (base 7) to base 11.
a551
Convert -8b26 (base 15) to base 9.
-44430
Convert 1675 (base 8) to base 10.
957
What is -26030 (base 10) in base 7?
-135614
-1a2d (base 15) to base 5
-140133
What is -448 (base 12) in base 10?
-632
121002220 (base 3) to base 13
5463
Convert -39ac (base 15) to base 6.
-133000
What is -31351 (base 6) in base 8?
-10223
-1899 (base 11) to base 9
-3264
b76 (base 16) to base 11
2228
Convert -66e (base 15) to base 12.
-a12
Convert -abd (base 14) to base 5.
-32002
What is -16721 (base 9) in base 14?
-42ad
Convert -1000010220 (base 3) to base 14.
-72d6
Convert -1b0 (base 13) to base 7.
-624
10032 (base 4) to base 12
1a6
Convert -18958 (base 10) to base 4.
-10220032
Convert -16217 (base 10) to base 11.
-11203
43145 (base 6) to base 11
4481
541 (base 10) to base 4
20131
What is -4034 (base 8) in base 13?
-c39
What is 32116 (base 8) in base 16?
344e
Convert 2433123 (base 5) to base 8.
131726
Convert -1723 (base 11) to base 14.
-b35
-1177 (base 14) to base 10
-3045
What is -14a (base 12) in base 13?
-127
4760 (base 8) to base 7
10263
-431 (base 16) to base 5
-13243
14416 (base 8) to base 13
2bc5
4965 (base 10) to base 8
11545
What is 7248 (base 12) in base 16?
3098
Convert -20210 (base 7) to base 15.
-16c2
155 (base 11) to base 16
b5
Convert 132101 (base 5) to base 16.
149c
What is -4009 (base 10) in base 5?
-112014
-a0c (base 14) to base 6
-13044
Convert -13a (base 16) to base 3.
-102122
What is a9d (base 15) in base 16?
95e
Convert 331303 (base 6) to base 7.
143205
2101 (base 8) to base 3
1111100
What is 10436 (base 10) in base 5?
313221
What is 101101111000001 (base 2) in base 8?
55701
Convert -147 (base 16) to base 14.
-195
8cd (base 14) to base 12
1019
-130b1 (base 14) to base 3
-2101012110
Convert 1001101110111111 (base 2) to base 8.
115677
What is 972 (base 11) in base 7?
3256
Convert -1000110101011011 (base 2) to base 12.
-18b37
Convert 101203112 (base 4) to base 13.
26954
What is 3751 (base 8) in base 4?
133221
5651 (base 10) to base 12
332b
Convert -122233 (base 4) to base 14.
-8a3
116 (base 14) to base 13
138
Convert -14124 (base 6) to base 8.
-4244
Convert -3da3 (base 16) to base 15.
-4a1e
Convert a4 (base 11) to base 13.
8a
Convert -b20 (base 14) to base 6.
-14040
-120112 (base 3) to base 15
-1ce
Convert 111320 (base 4) to base 13.
839
What is -6b (base 12) in base 6?
-215
What is -580 (base 16) in base 6?
-10304
-1256 (base 11) to base 16
-662
What is -1571 (base 9) in base 6?
-5314
3661 (base 11) to base 16
12b2
What is 125033 (base 7) in base 15?
6db8
Convert -772 (base 14) to base 16.
-5c0
Convert -21100121 (base 3) to base 2.
-1010011110010
-4303 (base 5) to base 10
-578
Convert 1321231 (base 4) to base 5.
222124
Convert -130 (base 8) to base 2.
-1011000
Convert -1413 (base 11) to base 9.
-2452
Convert -100140 (base 5) to base 14.
-1226
Convert -13124 (base 5) to base 9.
-1374
What is 20007 (base 13) in base 9?
86326
-15162 (base 7) to base 12
-2529
Convert -61 (base 14) to base 6.
-221
Convert -375 (base 12) to base 13.
-311
-58a (base 16) to base 3
-1221112
Convert -1010011110 (base 2) to base 10.
-670
4058 (base 9) to base 6
21425
What is 14a (base 13) in base 15?
106
What is -1101001 (base 3) in base 11?
-82a
Convert -1514 (base 9) to base 13.
-6a3
-c54b (base 14) to base 16
-84b7
7b3 (base 15) to base 12
1013
Convert -3003 (base 12) to base 16.
-1443
33747 (base 10) to base 14
c427
What is -74754 (base 8) in base 10?
-31212
What is 3059 (base 16) in base 2?
11000001011001
-11000000 (base 2) to base 3
-21010
233 (base 5) to base 7
125
-16030 (base 9) to base 6
-122430
415231 (base 6) to base 12
17517
Convert 13511 (base 9) to base 16.
23cb
Convert -143003 (base 6) to base 14.
-4d63
What is -11202021 (base 3) in base 2?
-110110000111
What is -101220 (base 3) in base 16?
-126
Convert -26250 (base 8) to base 14.
-4248
What is -2a0 (base 15) in base 10?
-600
What is 43443 (base 5) in base 11?
2286
-5a3 (base 15) to base 5
-20103
221110 (base 3) to base 8
1257
22200 (base 5) to base 12
a92
1102112 (base 4) to base 5
132040
Convert -112001 (base 3) to base 6.
-1431
121121 (base 3) to base 10
448
Convert -1ddd (base 16) to base 4.
-1313131
-717 (base 10) to base 13
-432
2310 (base 10) to base 8
4406
What is -193a3 (base 11) in base 16?
-69d8
101000010110 (base 2) to base 15
b72
-3a1 (base 13) to base 9
-778
Convert 1b77 (base 12) to base 4.
311023
-1438 (base 10) to base 7
-4123
-a9 (base 16) to base 2
-10101001
What is -110101110 (base 2) in base 13?
-271
What is 1221002 (base 3) in base 11?
1069
Convert 85243 (base 9) to base 3.
2212021110
What is 64 (base 9) in base 3?
2011
Convert 150062 (base 7) to base 14.
a732
What is 123 (base 4) in base 14?
1d
What is -2002110002 (base 3) in base 15?
-c2d5
-1011110100010000 (base 2) to base 14
-138d2
What is -5441 (base 6) in base 7?
-3433
Convert -6a8 (base 11) to base 8.
-1514
40555 (base 6) to base 13
25c4
Convert -32020 (base 4) to base 3.
-1020111
Convert 4131 (base 7) to base 11.
10a2
What is -9490 (base 12) in base 15?
-4c26
Convert -11001000100001 (base 2) to base 11.
-9707